5*n + 43344. What is the highest common divisor of 16 and n?
16
Let m be (-2)/(-6) - 10/3. Let y be 2 - m/((-12)/16). Let r be (-1 + 18)*(-1 - y). What is the highest common factor of r and 136?
17
Suppose 0 = 28*a - 38*a + 170. Suppose -a*o - 12 = -23*o. Let u(y) = -y**3 - 7*y**2 - 8*y - 7. Let c be u(-6). What is the highest common factor of c and o?
1
Let z = -56 + 103. Let r(c) = c**2 + 24*c + 125. Let g be r(-7). Suppose 43 = g*t - z. What is the greatest common factor of t and 6?
3
Let i = -21 + 17. Let p = i - -112. Suppose 0 = 4*x + 8 - 56. Calculate the greatest common factor of p and x.
12
Let y = 440 + -368. Calculate the highest common divisor of y and 40.
8
Let t(o) = -o**2 + 16*o - 21. Let n be t(13). Suppose 2*y + 106 = 2*m + 390, m = 2*y - 286. What is the highest common factor of y and n?
18
Let y be 25923/27 - (-7 + 320/45). What is the greatest common divisor of 15 and y?
15
Suppose 5*w = -5*w + 7310. What is the greatest common factor of w and 43?
43
Let y = -1408 - -1928. Calculate the highest common divisor of y and 650.
130
Let c = 135 + -45. Let t = -71 + c. Calculate the greatest common factor of t and 19.
19
Suppose 0*z + 4*z = 56. Calculate the highest common factor of 154 and z.
14
Let u(m) = 42*m + 190. Let p be u(-3). What is the greatest common factor of p and 16?
16
Let l be 1/3 + 282/18. Let h = -11 + l. Suppose 359 = h*m - 1. Calculate the greatest common divisor of m and 9.
9
Suppose 0 = 5*t - 6*t + 4. Suppose 3*u - t*q - 540 = -172, 2*q + 364 = 3*u. Calculate the greatest common divisor of 15 and u.
15
Let y be -6*1/8*4. Let d be (y - -6)/(-1) - -5. Calculate the highest common divisor of d and 1.
1
Let g(c) = 13*c - 25. Let r be g(2). What is the highest common divisor of r and 3?
1
Let r be 66 - (-3 + 2) - (6 - 3). Calculate the greatest common factor of 80 and r.
16
Let p = 74 - 80. Let m be (1 + (-6)/(-30))/(p/(-20)). Calculate the greatest common factor of 2 and m.
2
Let j be (108/(-270))/(4/(-410)). Calculate the highest common divisor of j and 369.
41
Let r be ((-11)/(-3) + -5)/(1/(-108)). Calculate the greatest common divisor of 1080 and r.
72
Suppose r + 0*r - 208 = 0. Suppose -2*u + 18 + 12 = 4*m, -2*u = m - 27. What is the highest common divisor of u and r?
13
Let c be -7*(-3 - (-15)/6)*-2. Let q be 3*((-1155)/9)/c. What is the greatest common divisor of q and 11?
11
Suppose 2*f - 4*f - 146 = -2*m, 3*m - 5*f = 227. Suppose 4*j = 2*h - 72, -2*h + 107 = -0*h + 3*j. What is the highest common factor of h and m?
23
Let r be (((-380)/25)/4 + 3)*-25. What is the greatest common factor of 5 and r?
5
Suppose 5*y - 330 = f, 0 = y + 5*f - 15 - 25. What is the greatest common factor of y and 26?
13
Let r = -212 - -332. Let q = -55 + 85. What is the greatest common divisor of r and q?
30
Let r = 288 - -128. What is the highest common factor of 64 and r?
32
Let b = -578 + 671. Calculate the greatest common factor of 248 and b.
31
Let l = -1623 - -1627. What is the greatest common factor of 508 and l?
4
Let r(p) = 6*p. Let t be r(5). Let j be 4/t - (-244)/(-30). Let g be (140/2)/((-16)/j). What is the highest common divisor of g and 5?
5
Suppose -38*b + 41*b = 1296. Calculate the highest common divisor of b and 48.
48
Let f be (-663)/26*2/(-3). Suppose 0 = -13*u + f*u. Let l be 35 + (u/3)/(-1). What is the greatest common divisor of l and 7?
7
Let b(n) = n**3 - 2*n - 2. Let y = -8 + 9. Suppose -3*r + 3*k = -9, -r + 5*k + 4 - y = 0. Let w be b(r). Calculate the greatest common factor of 209 and w.
19
Let z(u) = 15*u**2 + 20*u - 76. Let o be z(5). Calculate the highest common divisor of o and 228.
57
Suppose 0 = 2*p + 3*w + 18, 2*p = -2*p - 2*w - 28. Let v be (-1)/(2*(-3)/p). Let k be (v - -19)*10/6. Calculate the highest common divisor of k and 6.
6
Suppose 2*r - 4 + 0 = 0. Let y be (120/(-9))/r*-3 + 0. Calculate the highest common divisor of 10 and y.
10
Suppose 4*m - 199 = 65. Let g = m + -10. Calculate the highest common factor of g and 84.
28
Let y be 77 - (2 + 3)/(-5). Let v = -71 - -105. Suppose 151 = f + v. Calculate the greatest common factor of f and y.
39
Let r(k) = 4*k - 1. Let z be r(1). Let c(g) = 2*g**3 - 14*g**2 + 15*g - 27. Let w be c(6). Let p = z - w. What is the highest common factor of p and 6?
6
Let m = 67 - 29. Suppose -2*v + m = 3*u, -46 = -3*v - 0*v + u. Suppose 0 = -4*s + 611 - 35. Calculate the highest common factor of v and s.
16
Suppose 22*h - 45*h + 1472 = 0. What is the highest common divisor of h and 8?
8
Suppose -y + 0*y + 18 = 3*f, -2 = -4*y + 2*f. Suppose -j + 23 = q, -y*q - 115 = -5*j - q. What is the highest common divisor of 23 and j?
23
Suppose -3*f = 12 - 3, 0 = 3*y - f - 111. What is the greatest common divisor of 4 and y?
4
Let v = 255 + -232. What is the highest common divisor of 1 and v?
1
Let s(r) = 3*r**2 - 4*r + 3*r + 16 - 2*r**2. Let c be s(0). Suppose 18 + 30 = y. What is the highest common factor of c and y?
16
Let j = 974 + -447. Calculate the greatest common factor of j and 17.
17
Let f = -549 - -566. What is the highest common divisor of f and 136?
17
Let k(a) = 2*a**2 + 7*a - 8. Let o be k(-6). Let p = o - 9. Suppose 51*m - 44*m = 819. What is the greatest common factor of m and p?
13
Suppose -5*i - 8 = -c + 22, 5*c - 90 = -5*i. Suppose -3*y + 82 = -2*v, 0 = 4*y + v + 3*v - 136. Calculate the greatest common divisor of c and y.
10
Let o = -172 - -312. What is the greatest common divisor of o and 84?
28
Let v = 14 + 44. Suppose -63*j = -v*j - 55. What is the highest common divisor of j and 110?
11
Suppose -60*r = -57*r + 12. Let o be 230/(-18) + (-4)/18. Let y be (-13)/r + o/52. What is the greatest common divisor of 3 and y?
3
Let a be (-7 + (-48)/(-3))*1. Calculate the highest common divisor of a and 126.
9
Suppose -89*n + 113*n - 144 = 0. Let m(z) = -47*z + 2. Let p be m(-2). What is the greatest common factor of n and p?
6
Let h(l) = 11*l - 33. Let n be h(10). Suppose d + 21 = 4*d. Calculate the greatest common divisor of n and d.
7
Suppose -1345 = 11*g - 8605. What is the greatest common factor of 60 and g?
60
Let a(v) = -2*v - 11. Let y be a(-12). Let m = y + -7. Suppose -m*c = -7*c + 36. Calculate the highest common factor of c and 12.
12
Let b be ((-9)/12)/(9/(-48)). Suppose 4*g - 5*m - 4 = 4, -2*g - m + b = 0. What is the greatest common factor of 2 and g?
2
Let v be (9 + 39/(-91))*14/3. Calculate the highest common factor of v and 10.
10
Let l be (30/7)/(4/28). Suppose -21*b = -399 - 546. What is the highest common divisor of l and b?
15
Let j = -1298 - -1434. What is the highest common factor of j and 32?
8
Let k = -65 + 84. Suppose 14*g = k*g - 50. Calculate the greatest common divisor of g and 30.
10
Let q be (-2)/(-7) - (-60)/35. Suppose -y + 5*r - 15 = 0, -3*r + 45 = 9*y - 6*y. Calculate the greatest common factor of q and y.
2
Let s(y) be the third derivative of -y**6/30 - 7*y**5/60 - y**4/4 + 7*y**3/6 - 2*y**2. Let k be s(-3). Calculate the highest common divisor of 10 and k.
10
Let k = -17 - -41. Suppose -3*t + k = -2*t. What is the highest common factor of 96 and t?
24
Let d(x) = x**3 + 28*x**2 - 174*x + 7. Let s be d(-32). What is the greatest common factor of s and 51?
51
Suppose -58*x + 52*x + 990 = 0. Calculate the greatest common divisor of 11 and x.
11
Let f = 2089 - 2065. Calculate the greatest common divisor of 72 and f.
24
Suppose 2*n - 123 = -25. What is the greatest common divisor of n and 441?
49
Let l be -83*(2 + -2 + 1). Let t = l + 107. Suppose 3*y - 2*y = -4*k - 1, 3*y - 2*k - 11 = 0. Calculate the greatest common factor of t and y.
3
Let j = -8 + 12. Let x(p) = p**3 - 4*p**2 + 2*p - 3. Let u be x(j). Calculate the greatest common divisor of 25 and u.
5
Let r be 12 - (-2)/2*3. Let g = r + -14. Calculate the greatest common divisor of g and 5.
1
Let q(r) be the second derivative of -r**5/20 - 13*r**4/12 + r**3/6 + 8*r**2 + 23*r. Let y be q(-13). What is the greatest common factor of 15 and y?
3
Let c = 139 - 9. Calculate the greatest common divisor of 78 and c.
26
Let a(x) = -x - 22. Let g be a(-5). Let c(p) = p**2 + 15*p - 6. Let o be c(g). What is the greatest common factor of o and 7?
7
Let l(z) = -z**2 - 16*z - 52. Let r be l(-11). What is the greatest common factor of r and 17?
1
Suppose -20*s = -1963 - 917. Calculate